t v be ((-11)/(c/p))/(3/4). Determine k(v).
-13
Let j be 7/(21/12) + 1. Suppose j*t = t + 12. Let q(i) = i + 10 - 6 - 15*i**t + 7*i**2 + 16*i**3. Determine q(-7).
-3
Let i = 165 - 92. Let j(y) = -1 + 75*y + i*y - 229*y + 80*y. Calculate j(5).
-6
Let x(c) = -2*c**3 - 25*c**2 + 17*c + 64. Let k be x(-13). Let d(b) = b**3 - 11*b**2 - 12*b - 24. Calculate d(k).
-24
Let v(b) = b**2 - 5*b + 1. Suppose 15*s - i + 12 = 16*s, -3*s = -4*i + 6. What is v(s)?
7
Let x(t) be the third derivative of t**5/30 + t**4/12 + 16*t**3/3 - 125*t**2 + 5. Determine x(0).
32
Let v(b) = 6 + 3 + 56*b - 43*b - 16*b + 9. Determine v(-9).
45
Let j be (0 - -2)/(-2) - -1. Suppose 4*v - 9*v + 35 = j. Let i(c) = -3*c - 7. What is i(v)?
-28
Let u = -13 - -11. Let i be -46 + u/(4/(-6)). Let f = 49 + i. Let c(v) = v**3 - 7*v**2 + 8*v - 7. Determine c(f).
5
Let m(s) be the second derivative of -16 - 3/2*s**2 + 0*s**4 - 1/20*s**5 + 1/3*s**3 + 8*s. What is m(2)?
-7
Let l(v) = -6*v - 379 + 182 + 194. Let p = 102 - 105. Determine l(p).
15
Let g(i) be the first derivative of i**3/3 + i**2/2 + 22*i - 1. Suppose -10*q = -5*q - 2*k - 2, 8 = -4*q - 8*k. Determine g(q).
22
Let l(q) = 3 - 10*q - 13*q**2 - 8 + 4*q**3 - 5*q**3 - 10. Let x(z) = z**3 + z**2 - 1. Let y(i) = l(i) + 2*x(i). Determine y(12).
7
Suppose k - 11 = 4*w - 60, 0 = -3*w + 6*k + 21. Let l(c) = -5*c + 40. Give l(w).
-25
Let c(s) = -15*s - 113. Let j(x) = -x**3 - 18*x**2 + 138*x + 2476. Let r be j(-18). Determine c(r).
7
Let t(i) be the third derivative of i**4 - i**3 + 435*i**2. What is t(1)?
18
Let y = -7747 + 7755. Let o(g) = -7*g + 13. Let t(v) = -v**2 - 4*v + 2. Let u be t(-3). Let k(x) = -11*x + 20. Let w(m) = u*k(m) - 8*o(m). What is w(y)?
4
Let c(u) = 1 - 2*u - 8 + 1 - u**2 + 9*u - 18. Let m be c(5). Let g(s) = -s**2 - 16*s - 23. Determine g(m).
5
Let i(x) = -7*x**2 - 2*x + 1. Let o be 75/9*3 - (-13 + 12). Suppose 0 = -3*j - 2*g + 13, 3*j - 4 + o = 5*g. Give i(j).
-8
Let m(b) = -26*b - 17. Let k(q) = 7*q + 4. Let h(x) = -9*k(x) - 2*m(x). Let w(u) = -8*u - 1. Let d(r) = 2*h(r) - 3*w(r). Determine d(-1).
-3
Let l be 52/7 - ((-785)/(-35) - 22). Let q(r) = -r**2 - r + 55. Determine q(l).
-1
Let n(r) be the second derivative of -r**3/2 + 2*r**2 + 893*r - 3. Let k = 5 - 3. Determine n(k).
-2
Let k(f) = f**2 + 6*f - 151. Suppose z - 7*t + 51 = -2, -3*z + 5*t - 15 = 0. Give k(z).
9
Let u = -5811 + 5816. Let q(g) be the third derivative of 1/24*g**4 + 1/60*g**u - 8*g**2 + 0 + 0*g - g**3. Determine q(0).
-6
Let y(d) = -d**2 + 17*d - 28. Let i be y(15). Let h(l) = 808*l**3 - 5*l + 2*l**2 - 807*l**3 + 2*l**2 - i. Determine h(-5).
-2
Let w(o) = 3*o + 28. Suppose -11*a - 4*m - 56 = -7*a, 10 = -2*m. Determine w(a).
1
Let b(l) be the second derivative of -l**5/120 + l**4/4 - 7*l**3/3 + l**2/2 + 24*l + 1. Let d(f) be the second derivative of b(f). What is d(4)?
2
Let y(n) be the second derivative of -5*n**4/12 - n**3/3 - 3*n**2/2 + 993*n. Give y(-2).
-19
Let k(w) = -11*w - 23. Let f be k(-4). Let j(m) = m**2 - 19*m - 40. Let s be j(f). Let g(a) = a**2 - a + 4. What is g(s)?
6
Suppose 4*f = -4*r + f + 34, 0 = -6*r - 5*f + 54. Let y(v) = 4*v**2 + 7*v - 33. Give y(r).
59
Let o(a) = -407 + 1229 - 403 - 405 + a. Give o(-9).
5
Let s(h) = 6*h**3 - 19*h**2 - 4*h - 33. Let r(z) = -z**3 + 4*z**2 + z - 1. Let u(b) = 5*r(b) + s(b). What is u(0)?
-38
Let m = 9 - 5. Suppose -2 = -m*z + 2. Let d(t) = 7*t**2 + 2*t + 1. Let h(k) = -76*k**2 - 24*k - 11. Let j(w) = -12*d(w) - h(w). Determine j(z).
-9
Suppose 12 = 38*f - 32*f. Let q(g) = g**f - 2 - 11*g - 16*g**2 + 14*g**2 - 2*g. Determine q(-12).
10
Let q(x) be the first derivative of -x**4/4 + 6*x**3 + 30*x**2 + 39*x + 2123. Calculate q(21).
-24
Let q(i) = i**3 + i**2 - i. Suppose -2*x - 15*x = 51. Let d(s) = 2*s**3 + 13*s**2 - 11*s - 12. Let n(w) = x*q(w) + d(w). Determine n(9).
-3
Let z = 47 + -42. Suppose -4*v = -z*k + 34, 4*k + 0*k - 20 = 2*v. Let s(q) = -q**2 - 6*q + 4. What is s(v)?
4
Let u(a) be the first derivative of -a**4/4 - 16*a**3/3 + a**2/2 + 14*a - 1470. Calculate u(-16).
-2
Let j(w) = 243*w - 3*w**3 - 241*w + 1 + 7*w**3. Suppose -6*h + 537 = 525. Determine j(h).
37
Let f(q) be the first derivative of 8*q**2 + 90*q + 120. Let d be f(-6). Let n(c) = -c**3 - 8*c**2 - 7*c + 4. Determine n(d).
-26
Let h(t) = -t**2 - 7*t - 5. Suppose 0 = a - 5, -40 = -2*b + 4*a + 26. Suppose -38*w + 35 = -b*w. Determine h(w).
-5
Suppose -9*w + 11*w - 15 = -3. Let c(m) = -m**3 + 6*m**2 + 4*m - 24. Give c(w).
0
Let i(j) = 32*j + 159. Let t = -20524 + 20519. Give i(t).
-1
Let h(t) = 1145 + 3*t - 3480 + 1161 - 2*t + 1154. Give h(15).
-5
Let y(g) = 3*g - 36. Let m(k) = -4*k**3 + 244*k**2 + 3*k - 164. Let j be m(61). What is y(j)?
21
Let q = -10210 + 10205. Let w(z) = -z**3 - 3*z**2 + 4*z - 4. What is w(q)?
26
Let z(l) be the third derivative of -l**6/120 - 2*l**5/15 + 11*l**4/24 + 3*l**3 + 16*l**2 - l + 117. What is z(-9)?
0
Suppose -5*r = -3*q - 70, -5*r + 3*q + 48 = -2*r. Let f(u) = -r*u**2 - u**3 - 6 + 2 - 4*u + 7*u**2. Let z(s) = s**2 + 17*s + 49. Let y be z(-13). Give f(y).
-1
Let y(p) = -3*p**3 - 7*p**2 + 3. Let i be y(-5). Let r(g) = -204*g + 12 - g**2 + i*g - 12. Calculate r(-2).
-2
Suppose 3*h - 52 = -2*r - 31, 2*r = 6. Let d(n) = -5*n**2 + 3*n + 12. Calculate d(h).
-98
Let w be 1 + (2 - 0) - 29. Let p = w - -32. Let k(z) = -p + 1 + 2*z + z**2 + 7. Give k(-5).
17
Let q(u) = -u**2 - 14*u. Let v(o) = -3*o**2 - 29*o - 1. Let t(h) = -7*q(h) + 3*v(h). Let x be t(5). Let g(l) = 91*l**3 + 95*l**3 + 1 - 185*l**3 - l. Give g(x).
7
Let i be 4*(-3)/12*(-6 + 1). Let s = i - 6. Let k(z) = -35*z**3. Give k(s).
35
Let l(y) = -7*y**3 - 2*y**2 + 1. Suppose 0 = m + 3*u - 16, 15 = 2*u + u. Suppose -43*i - m = -42*i. Give l(i).
6
Let r be (40/(-5))/((2 + 2)/(-44)). Let t(s) = 2. Let z(o) = -4*o + 88. Let x(j) = r*t(j) - 2*z(j). What is x(-2)?
-16
Suppose 3*x = -0*v - v + 312, 2*v = -6. Suppose -101*k + x*k = 0. Let y(a) = a**2 + 6. What is y(k)?
6
Let r(l) = -286*l - 8*l**3 + 569*l + l**2 + 7*l**3 - 2 - 286*l + 4*l**2. Give r(1).
-1
Let b(l) be the third derivative of -l**6/120 - 3*l**5/20 - 11*l**4/24 + 7*l**3/3 + 8*l**2 - 38*l. Give b(-7).
-7
Let b(h) = -101*h + 302. Let f be b(3). Let z(d) = -46*d**2 + 3*d + 2. Determine z(f).
-47
Let p(f) = -f**2 - 7*f - 15. Suppose -27*u = -10*u + 3536. Let g = u - -202. Calculate p(g).
-9
Let l(d) = -154*d + 138. Let n(z) = -114*z + 138. Let m(u) = 2*l(u) - 3*n(u). What is m(4)?
-2
Suppose -99*o - 94*o + 199*o - 60 = 0. Let v(g) = 29*g - 296. Determine v(o).
-6
Let q(j) = 4*j + 6. Let b(w) = 3*w + 7. Let x(z) = 3*b(z) - 2*q(z). Suppose 0 = -5*t - 2*o - 36 - 64, 25 = -5*o. Let h be (32/(-24))/((-3)/t). Give x(h).
1
Let l(b) be the first derivative of -14*b**2 - 16*b - 3823. Give l(0).
-16
Let j = -31 + 17. Let l = j - 26. Let x = l - -39. Let a(n) = -3*n + 1. Calculate a(x).
4
Let a(o) = 33*o - 122. Let c(t) = 40*t - 118. Let s(k) = 7*a(k) - 6*c(k). Determine s(-18).
16
Let l(b) = 13*b - 10. Let q(s) = s**2 - s + 1. Let d(r) = l(r) + 6*q(r). Let h(p) = -p**2 - p. Let g(n) = -d(n) - 5*h(n). What is g(3)?
-11
Let g(t) = -t**2 + 17*t - 3. Let f(j) = j**2 - 18*j + 2. Let o(l) = 4*f(l) + 5*g(l). Let c be o(13). Let h(v) = v**3 + 7*v**2 - v - 10. Give h(c).
-3
Suppose 5*j - 3*f - 20 = 0, -f - 27 = -j - 5*f. Let x(p) = p**3 - 7*p**2 + 2. Let z be x(j). Let w(q) = -3*q + 398 + q**3 - 396 - q**z + q**2. Give w(-3).
-16
Let c be (40/(-25) + 6)/(1/65). Let h = c - 294. Let a(n) = -n - 7. Give a(h).
1
Let u(i) = -i**2 + 4. Let r = -32 + 36. Suppose -2*b = -2*n + 10 - 0, 5*b + 23 = r*n. What is u(b)?
-5
Let g(n) be the first derivative of 14 + 1/2*n**2 - n + 3/2*n**4 + 0*n**3. Calculate g(1).
6
Let c(i) = -i + 1. Let m(f) = 4*f - 8. Let z = -119 + 120. Let r(t) = z*m(t) + 10*c(t). Calculate r(2).
-10
Let g(f) = -f**2 - 15*f + 61. Suppose 0 = 4*p + r - 115 + 192, -4*r + 34 = -3*p. Give g(p).
7
Suppose 3*t + 10 = -2*t. Let n be (-15)/(-5) + t + (-1 - -3). Let w(r) = 2*r + 4. Calculate w(n).
10
Let b(t) = t**2 - 2*t - 32. Let p be b(-5). Suppose -5*f - p = -28. Let y(g) = -2*g**2 + 8*g - 3. Determine y(f).
-13
Let c(j) be the first derivative of j**4/6 + 5*j**3/6 + 3*j**2/2 + 121*j - 91. Let i(n) be the first derivative of c(n). What is i(-3)?
6
Let f = 47 - 47. Let d(h) = h**3 + h**2 - h - 1. Let k(